What are the prime factors of 816795?
3, 5, 7, 2593
What are the prime factors of 1344273?
3, 7, 64013
List the prime factors of 185178.
2, 3, 7, 4409
List the prime factors of 4838832.
2, 3, 23, 487
List the prime factors of 3169129.
181, 17509
What are the prime factors of 294662?
2, 147331
What are the prime factors of 17845445?
5, 3569089
What are the prime factors of 1975891?
73, 27067
What are the prime factors of 353064?
2, 3, 47, 313
What are the prime factors of 1705414?
2, 109, 7823
List the prime factors of 111431.
111431
List the prime factors of 2931788.
2, 139, 5273
List the prime factors of 808912.
2, 13, 3889
What are the prime factors of 20568658?
2, 11, 934939
What are the prime factors of 1114732?
2, 43, 6481
What are the prime factors of 718873?
37, 19429
List the prime factors of 29913646.
2, 7, 643, 3323
What are the prime factors of 131581?
131581
What are the prime factors of 18005722?
2, 7, 97, 13259
What are the prime factors of 442897?
7, 13, 31, 157
List the prime factors of 182954.
2, 17, 5381
What are the prime factors of 197516?
2, 11, 67
What are the prime factors of 7259107?
89, 81563
What are the prime factors of 348025?
5, 13921
What are the prime factors of 664730?
2, 5, 11, 6043
What are the prime factors of 214618?
2, 107309
List the prime factors of 323810.
2, 5, 32381
List the prime factors of 9069204.
2, 3, 755767
What are the prime factors of 159979?
159979
What are the prime factors of 18807433?
37, 661, 769
List the prime factors of 2754220.
2, 5, 7, 103, 191
What are the prime factors of 193120?
2, 5, 17, 71
List the prime factors of 852399.
3, 53, 1787
List the prime factors of 14753665.
5, 73, 83, 487
List the prime factors of 48293.
7, 6899
What are the prime factors of 2862092?
2, 715523
What are the prime factors of 508307?
19, 31, 863
List the prime factors of 162155.
5, 7, 41, 113
List the prime factors of 626356.
2, 156589
List the prime factors of 14192627.
59, 293, 821
What are the prime factors of 3051912?
2, 3, 127163
List the prime factors of 1339328.
2, 17, 1231
List the prime factors of 12886151.
12886151
What are the prime factors of 195890?
2, 5, 19, 1031
List the prime factors of 11171022.
2, 3, 53, 35129
List the prime factors of 1104434.
2, 552217
What are the prime factors of 718438?
2, 7, 7331
What are the prime factors of 1137306?
2, 3, 37, 47, 109
What are the prime factors of 3549285?
3, 5, 61, 431
What are the prime factors of 4153024?
2, 64891
What are the prime factors of 338321?
338321
List the prime factors of 63818.
2, 17, 1877
List the prime factors of 140284.
2, 17, 2063
What are the prime factors of 412817?
53, 7789
What are the prime factors of 92062?
2, 191, 241
List the prime factors of 1971861.
3, 307, 2141
List the prime factors of 415068.
2, 3, 34589
What are the prime factors of 7138037?
61, 117017
What are the prime factors of 383815?
5, 29, 2647
What are the prime factors of 1054402?
2, 409, 1289
List the prime factors of 4006210.
2, 5, 13, 30817
What are the prime factors of 694427?
694427
What are the prime factors of 338479?
271, 1249
What are the prime factors of 1354088?
2, 193, 877
What are the prime factors of 167940?
2, 3, 5, 311
What are the prime factors of 32377674?
2, 3, 7, 770897
List the prime factors of 67258.
2, 33629
What are the prime factors of 9014314?
2, 67, 67271
What are the prime factors of 1594752?
2, 3, 4153
What are the prime factors of 21621?
3, 7207
What are the prime factors of 1320754?
2, 660377
List the prime factors of 260029.
7, 11, 307
List the prime factors of 79725.
3, 5, 1063
List the prime factors of 262567.
262567
List the prime factors of 624810.
2, 3, 5, 59, 353
List the prime factors of 23651.
67, 353
What are the prime factors of 167690?
2, 5, 41, 409
List the prime factors of 189585.
3, 5, 11, 383
What are the prime factors of 5987669?
127, 47147
List the prime factors of 1306827.
3, 29, 1669
What are the prime factors of 10587926?
2, 31, 170773
What are the prime factors of 86119?
11, 7829
What are the prime factors of 829471?
41, 20231
List the prime factors of 266967.
3, 29663
List the prime factors of 1086544.
2, 59, 1151
List the prime factors of 2453693.
11, 223063
List the prime factors of 86750.
2, 5, 347
List the prime factors of 692293.
7, 98899
List the prime factors of 129716.
2, 32429
List the prime factors of 242991.
3, 7, 19, 29
List the prime factors of 1019200.
2, 5, 7, 13
What are the prime factors of 552920?
2, 5, 23, 601
What are the prime factors of 209098?
2, 104549
What are the prime factors of 974466?
2, 3, 43, 1259
What are the prime factors of 404575?
5, 16183
List the prime factors of 7920757.
13, 609289
What are the prime factors of 122448?
2, 3, 2551
List the prime factors of 13852.
2, 3463
What are the prime factors of 9569637?
3, 7, 11, 4603
What are the prime factors of 1967543?
1967543
What are the prime factors of 7392239?
7392239
List the prime factors of 65695.
5, 7, 1877
What are the prime factors of 312509?
312509
What are the prime factors of 3463539?
3, 1154513
What are the prime factors of 206159?
17, 67, 181
List the prime factors of 2003610.
2, 3, 5, 7, 29, 47
What are the prime factors of 149589?
3, 11, 1511
List the prime factors of 17642391.
3, 13, 547, 827
What are the prime factors of 543651?
3, 23, 7879
What are the prime factors of 11755413?
3, 1306157
What are the prime factors of 1441805?
5, 288361
What are the prime factors of 613651?
613651
What are the prime factors of 5709034?
2, 2854517
What are the prime factors of 509261?
41, 12421
What are the prime factors of 238200?
2, 3, 5, 397
List the prime factors of 10892834.
2, 5446417
What are the prime factors of 941980?
2, 5, 13, 3623
What are the prime factors of 10252436?
2, 2563109
What are the prime factors of 8191841?
7, 17, 23, 41, 73
List the prime factors of 23137731.
3, 17, 1867
What are the prime factors of 37166293?
37166293
List the prime factors of 242488.
2, 17, 1783
What are the prime factors of 522500?
2, 5, 11, 19
List the prime factors of 3274545.
3, 5, 199, 1097
List the prime factors of 16547463.
3, 612869
List the prime factors of 1841247.
3, 204583
List the prime factors of 1280868.
2, 3, 106739
What are the prime factors of 3142633?
13, 103, 2347
List the prime factors of 2895513.
3, 965171
List the prime factors of 1113638.
2, 556819
List the prime factors of 16123536.
2, 3, 11, 13, 29
What are the prime factors of 976380?
2, 3, 5, 16273
List the prime factors of 1301294.
2, 23, 28289
What are the prime factors of 12121834?
2, 223, 27179
List the prime factors of 10658134.
2, 601, 8867
What are the prime factors of 86191?
7, 1759
What are the prime factors of 2653954?
2, 269, 4933
List the prime factors of 480241.
79, 6079
What are the prime factors of 446237?
11, 113, 359
List the prime factors of 345748.
2, 13, 61, 109
List the prime factors of 1977326.
2, 13, 59, 1289
List the prime factors of 21157084.
2, 13, 179, 2273
List the prime factors of 59943.
3, 13, 29, 53
What are the prime factors of 257813?
283, 911
List the prime factors of 393464.
2, 137, 359
What are the prime factors of 15054283?
15054283
List the prime factors of 14666418.
2, 3, 13, 233, 269
What are the prime factors of 13188894?
2, 3, 1237, 1777
List the prime factors of 540598.
2, 270299
List the prime factors of 1163589.
3, 7, 67, 827
List the prime factors of 985969.
985969
What are the prime factors of 2848090?
2, 5, 7, 23, 29, 61
List the prime factors of 4695054.
2, 3, 7, 13, 8599
What are the prime factors of 4248073?
4248073
What are the prime factors of 4565?
5, 11, 83
What are the prime factors of 200846?
2, 233, 431
What are the prime factors of 1023768?
2, 3, 59, 241
List the prime factors of 6214912.
2, 11, 2207
What are the prime factors of 885438?
2, 3, 19, 863
What are the prime factors of 1111461?
3, 13, 28499
List the prime factors of 2546145.
3, 5, 7, 59, 137
List the prime factors of 13516.
2, 31, 109
List the prime factors of 100923.
3, 33641
What are the prime factors of 4258245?
3, 5, 17, 16699
List the prime factors of 22118849.
22118849
What are the prime factors of 40529609?
40529609
What are the prime factors of 746693?
101, 7393
List the prime factors of 7939925.
5, 7, 59, 769
List